33. What is the tens digit of w(11)?
4
Let x = 529 + -146. What is the units digit of x?
3
Let z = -893 - -1534. What is the tens digit of z?
4
Suppose -31*z - 35305 = -110046. What is the tens digit of z?
1
Let r be 10/((-4)/(-5)*40/592). Let a = r - 116. What is the tens digit of a?
6
Suppose -8*v = -11*v + 1092. What is the hundreds digit of v?
3
Let d = -2 - 0. Let k be 6/(-9) + d/6. What is the tens digit of (-4720)/(-64) - k/4?
7
What is the hundreds digit of ((-10)/40)/(3*4/(-34704))?
7
Suppose -3*c - 3*g - 6 = -0*g, 9 = 3*g. Let t(x) = x**3 + 4*x**2 - 6*x + 1. Let u be t(c). Suppose u*v = 4*v + 112. What is the tens digit of v?
5
Let w be 4/(-18) - -3*102/(-81). Let x(g) = 1. Let o(r) = 5*r - 2. Let u(i) = -o(i) + x(i). What is the tens digit of u(w)?
2
Suppose 10 = 2*q + 2. Suppose -p - 5*f + 18 = 0, 1 = -3*p + q*f - 2. Suppose -2*t = -b - 36, 44 = p*t + b - 0*b. What is the units digit of t?
6
Suppose 2*v + 79 = 1. Let b be (-26)/v*(-186)/(-4). Let k = 52 - b. What is the units digit of k?
1
Let r(q) = 171*q + 19. What is the units digit of r(6)?
5
What is the tens digit of 5/1 - 2 - (-1920)/20?
9
Let o be (-9626)/(-18) + 2 - 22/(-99). Suppose -4*n = -g - o, -381 + 126 = -2*n + 5*g. What is the tens digit of n?
3
Let j = 8 + 23. Let d be (20/25)/(2/(-5)). Let g = j - d. What is the units digit of g?
3
Let n(x) = -x**3 + 16*x**2 + 9*x. Let f be n(16). Suppose 3*y + 0*y = f. What is the units digit of y?
8
Suppose -3*k - 2*q = -3352, 4*k + 21*q - 4468 = 18*q. What is the hundreds digit of k?
1
Let q = -61 - -66. Suppose 0*g + 3*s = 4*g - 260, 0 = 4*g - q*s - 260. What is the units digit of g?
5
What is the tens digit of (-716)/(-6) + 20/(-60)?
1
Let c be 128/18 + 8/(-72). Suppose 0 = -c*v + 4*v + 6. Suppose 84 = v*q - 0*q. What is the tens digit of q?
4
Suppose 8*l = 5*l + 2238. What is the hundreds digit of l?
7
Suppose 7*l - 13 = -3*h + 6*l, -2*l - 14 = -4*h. Suppose h*n = 2*x - x - 135, 2*x + 4*n = 282. What is the tens digit of x?
3
Let k(x) = -x**2 + 10*x - 24. Let m be k(5). Let h(r) = 201*r**3 + r**2 - 2*r + 1. What is the units digit of h(m)?
1
Suppose 2*j + 6 = 2. Let p be 153 + (-6)/j + -2. Suppose 0 = -2*o + 5*c + 7 + 59, c = -4*o + p. What is the units digit of o?
8
Let r(s) = -s**3 + 8*s**2 + 9*s - 11. Let k(j) = 2*j - 14. Let y be k(11). What is the units digit of r(y)?
1
Suppose -5*b - 2*z + 319 = -960, -b + 4*z + 247 = 0. What is the tens digit of b?
5
Let r be 0 + (-2 - -2 - -282). Suppose -950 = -11*f + r. What is the tens digit of f?
1
Suppose 5*g = -0*g + 2*m - 230, -2*g - 78 = 2*m. Let x = 111 + g. What is the units digit of x?
7
Suppose 7*k - 3*k - 376 = 0. Suppose -6*b - 16 + k = 0. What is the tens digit of b?
1
Let c be (170/(-3))/((-3)/9). Suppose 4*r + r = c. What is the tens digit of r/(-6)*(-3)/1?
1
Let t = -767 - -756. Suppose 86 = 4*n + 242. Let i = t - n. What is the units digit of i?
8
Let t(x) = x**2 + x - 3. Suppose p = 4*m - 5, 2*p + 2 = -5*m + 6*p. Suppose -3*v - 2 - 5 = 2*f, 2*v + 8 = -m*f. What is the tens digit of t(f)?
1
Let p(k) = 46*k**2 - k. Let a be p(1). Let v = -27 + a. What is the tens digit of v?
1
Suppose 7*b - 92 = -8. Let f = 58 - b. What is the units digit of f?
6
Suppose -3*b + 6 + 1 = i, 5*i - 5*b = 15. Let d(x) be the third derivative of x**6/120 - x**5/20 - x**4/6 + x**3/3 + 2*x**2. What is the units digit of d(i)?
2
Suppose -30*w + 141248 = 2*w. What is the hundreds digit of w?
4
Let z = 5194 - 3188. What is the tens digit of z?
0
Suppose -2*u = 4*n - u - 419, 3*n - 312 = -3*u. Let z(w) = 8*w**3 + 2*w**2 - 2*w - 1. Let y be z(2). Let l = n - y. What is the units digit of l?
8
Let k = -63 + 66. What is the tens digit of 171/38*(34/k)/1?
5
Let o be 0 + 2 - (4 - 6). Let z(b) = b**2 + 7. What is the units digit of z(o)?
3
Suppose 5*w + 58 = 2*o, 5*o + 65 = -10*w + 5*w. Let a(z) = z**3 + 13*z**2 + 10*z + 28. What is the tens digit of a(w)?
5
Let a = 0 - -80. Let z = 263 - a. What is the tens digit of z?
8
Let v(u) = -2. Let s(q) = -q - 11. Suppose 18 = -o - 2*o. Let j(p) = o*s(p) + 34*v(p). What is the tens digit of j(2)?
1
Let v be 2 + 1 + 0 - 1. Suppose n = v + 4. Let z(q) = 7*q - 5. What is the tens digit of z(n)?
3
Suppose -2*g + 1281 = 5*s - 139, -5*g = s - 3596. What is the units digit of g?
0
Let n(r) be the third derivative of r**5/30 - 5*r**4/12 + 4*r**3/3 + 5*r**2. Let d be n(6). Let b = -12 + d. What is the units digit of b?
8
Let z(w) be the first derivative of w**3/3 + w**2 - 7*w - 1. What is the units digit of z(-7)?
8
Let h = 742 - 248. What is the units digit of h?
4
Suppose -4*i - l = -46, 3*l = 2*l + 2. Let d(m) = -m**2 + 13*m + 16. What is the tens digit of d(i)?
3
What is the units digit of (-9)/144*-12*5836/3?
9
Suppose 7*m = m + 48. Let l be ((-126)/m)/7*-32. Let p = 120 - l. What is the tens digit of p?
4
Let x(w) = 2*w**3 + 4*w**2 + 5*w + 16. Let d be x(-3). Let y = -1 + 31. Let k = d + y. What is the tens digit of k?
1
Let g(c) = 67*c**2 - 21*c - 3. What is the thousands digit of g(6)?
2
What is the hundreds digit of (8/(-14))/(74/(-201761))?
5
Suppose -6*j - 21 = 9. Let o be 1*-2 + j + 7. Suppose 13 = p + d, -5*p - d + o*d + 65 = 0. What is the units digit of p?
3
Let o(q) = -3*q - 2. Let d be o(12). Let j = d - -64. What is the units digit of j?
6
Let c = 12 - 8. Suppose -4*y - 126 = -s, 5*s - c*y - 630 = -6*y. What is the tens digit of s?
2
Let r = 11 - 9. Suppose 5*g - 13 = r. Let y = 34 + g. What is the units digit of y?
7
What is the hundreds digit of (21 - -2)*(7 + 8 - 6)?
2
Suppose -m + 156 = s - 5*m, -4*m + 876 = 5*s. Suppose -2*k = 2*k - s. What is the units digit of k?
3
Suppose -5*a + 11 = -4. Suppose -x + 449 = 5*b - a*x, -180 = -2*b + x. What is the tens digit of b?
8
Let g be 12 - (-2)/(-4)*4. Let v be (2/3)/(g/165). What is the tens digit of 1 - (0 - 0 - v)?
1
Suppose 15*h - 5091 = 8229. What is the tens digit of h?
8
Let d be -1*(-1 - (3 + -2)). Suppose -14 = -4*j - 2*q + d, 5*q = -j - 5. Suppose 0 = 5*s - 0*u + u - 180, -4*s + j*u + 115 = 0. What is the units digit of s?
5
Suppose -4 - 2 = -t. Suppose 5*p + t = x + 2, -4*x + 16 = 5*p. Suppose p = -0*d - 3*d + 3*b + 93, -5*d - 3*b = -115. What is the units digit of d?
6
Suppose 0 = -2*j + 17 - 5. What is the units digit of j?
6
Suppose -q + 21 = 15. What is the tens digit of 704/24*27/q?
3
Suppose -2*w + 36 + 72 = 0. Let q = -14 + w. What is the tens digit of q?
4
Let m = 725 - 185. What is the hundreds digit of m?
5
What is the hundreds digit of 6 + 497 - -9 - (1 + -6)?
5
Suppose 3*l - 12 = -0. Let r be ((-10)/(-15))/(l/66). Let d = 8 + r. What is the units digit of d?
9
Suppose -5*t = 2*s + 10, -3*s + 6*s + 5*t = -10. Suppose s = -l + 8 + 11. What is the units digit of l?
9
What is the hundreds digit of 1/(-1)*(12/3 - 107)?
1
Let a = -4 - -16. Suppose -x - x = -a. What is the units digit of x?
6
Let t = 747 + -154. What is the units digit of ((-98)/35)/(-7) - t/(-5)?
9
Let p(m) = -m**2 + 3*m + 6. Let q be p(4). Suppose -2*n - 24 = q*z - 0*z, 3*n = 2*z - 21. What is the units digit of (6/n)/((-10)/45)?
3
Suppose -4*c + 748 = -0*c. Let i = -116 + c. What is the units digit of i?
1
Let n = 427 + 154. What is the units digit of n?
1
Let i(v) = 22*v. Let z be i(1). Suppose -z = -2*g + g. Suppose 2*c - g = 5*j + 19, -2*j = 4*c - 46. What is the tens digit of c?
1
Suppose i = 3*n - 11, 5 = -3*n + 4*n + i. Suppose -18 = -2*o - n*o. What is the units digit of o?
3
Suppose -74 = -5*v + 91. Let b = 30 - v. Let t = 56 - b. What is the tens digit of t?
5
Suppose -4*h + 6754 = -4602. What is the thousands digit of h?
2
Suppose 30*s = 36*s - 2598. What is the units digit of s?
3
Suppose 3*t - 7202 = 4*u + u, 4*u + 2410 = t. What is the thousands digit of t?
2
Suppose 7*z - 10*z - 2009 = -2*h, 4*h - 2*z - 4022 = 0. What is the hundreds digit of h?
0
What is the hundreds digit of 25/35 + -1 + (-6010)/(-14)?
4
What is the hundreds digit of ((-24)/5)/(12/(-880))?
3
Let c be 1/3 - 560/(-21). Suppose 0 = n - c + 22. Suppose 2*j + 9 = n*j. What is the units digit of j?
3
Let o(m) be the second derivative of 4*m**3/3 - m**2/2 + m. Let p be o(5). Suppose 23 = -2*g + p. What is the units digit of g?
8
Suppose -2*g = -3*g - 2*x + 1377, -5*x - 6900 = -5*g. What is the units digit of g?
9
Suppose 11*v - 4535 - 19